{"id":4918,"date":"2019-07-18T07:45:23","date_gmt":"2019-07-18T07:45:23","guid":{"rendered":"https:\/\/memoria2018.sigaus.es\/?page_id=4918"},"modified":"2019-07-19T12:56:53","modified_gmt":"2019-07-19T12:56:53","slug":"carta-del-presidente","status":"publish","type":"page","link":"https:\/\/memoria2018.sigaus.es\/index.php\/carta-del-presidente\/","title":{"rendered":"Carta del Presidente"},"content":{"rendered":"<p>[vc_row type=\u00bbfull-width-section\u00bb content_placement=\u00bbtop\u00bb css=\u00bb.vc_custom_1563369425184{margin-top: 0px !important;padding-top: 0px !important;background-image: url(https:\/\/memoria2018.sigaus.es\/wp-content\/uploads\/2019\/05\/fondoNubes.jpg?id=803) !important;background-position: center !important;background-repeat: no-repeat !important;background-size: cover !important;}\u00bb][vc_column css=\u00bb.vc_custom_1563369059648{margin-top: 0px !important;padding-top: 0px !important;}\u00bb][vc_row_inner equal_height=\u00bbyes\u00bb content_placement=\u00bbmiddle\u00bb css=\u00bb.vc_custom_1563377664214{margin-top: 0px !important;padding-top: 0px !important;}\u00bb][vc_column_inner width=\u00bb1\/4&#8243; animation=\u00bbrda_fadeInRight\u00bb css=\u00bb.vc_custom_1563540119623{margin-top: 40px !important;padding-top: 0px !important;}\u00bb][vc_single_image image=\u00bb4948&#8243; img_size=\u00bbfull\u00bb][\/vc_column_inner][vc_column_inner width=\u00bb3\/4&#8243; animation=\u00bbrda_fadeIn\u00bb css=\u00bb.vc_custom_1563369584568{margin-top: 40px !important;padding-top: 0px !important;}\u00bb][vc_column_text]<\/p>\n<h2 class=\"iv\">Buenaventura Gonz\u00e1lez del Campo<\/h2>\n<h3 class=\"iv\">Presidente de SIGAUS<\/h3>\n<div class=\"iv-linea\"><\/div>\n<h4>\u201cEuropa ha decidido promover firmemente la reducci\u00f3n de la generaci\u00f3n de residuos, y su transformaci\u00f3n efectiva en recursos, de manera que sea posible \u201ccerrar el c\u00edrculo\u201d y reducir los consumos asociados de energ\u00eda y materias primas.\u201d<\/h4>\n<p>[\/vc_column_text][\/vc_column_inner][\/vc_row_inner][vc_empty_space height=\u00bb100px\u00bb][\/vc_column][\/vc_row][vc_row type=\u00bbfull-width-content\u00bb bg_type=\u00bbimage\u00bb parallax_style=\u00bbvcpb-default\u00bb bg_image_new=\u00bbid^683|url^https:\/\/memoria2018.sigaus.es\/wp-content\/uploads\/2019\/06\/bg-water-2.png|caption^null|alt^null|title^bg-water-2|description^null\u00bb bg_override=\u00bbfull\u00bb el_class=\u00bbiv-bg-water-marco\u00bb][vc_column][vc_raw_html]JTNDJTIxLS0lMjBFZmVjdG8lMjBhY3VhcmVsYSUyMC0tJTNF[\/vc_raw_html][vc_empty_space height=\u00bb100px\u00bb][\/vc_column][\/vc_row][vc_row][vc_column][vc_column_text css=\u00bb.vc_custom_1563435345616{margin-bottom: 45px !important;}\u00bb]En todo el mundo, el a\u00f1o 2018 ha venido cargado de movimientos sociales y pol\u00edticos con consecuencias intensas en el plano econ\u00f3mico, derivadas, sobre todo, de la volatilidad asociada a dosis crecientes de incertidumbre. Incluso en este contexto dif\u00edcil, <strong>la econom\u00eda espa\u00f1ola ha conseguido crecer de nuevo este a\u00f1o por encima de sus vecinos de la zona euro, con un incremento del 2,6% interanual en el Producto Interior Bruto en 2018<\/strong>.<\/p>\n<p>En consonancia, el consumo de productos petrol\u00edferos en nuestro pa\u00eds se ha incrementado un 2,8% y mantiene la senda de recuperaci\u00f3n iniciada en 20141. Los GLP (Gases Licuados del Petr\u00f3leo) han sido el producto con mayor crecimiento, mientras se observa que, por primera vez en la serie hist\u00f3rica, el crecimiento experimentado en el consumo de gasolina ha sido superior al registrado en el gasoil, como resultado de un cambio de tendencia producido por diversos factores que han provocado el inicio de un proceso de transformaci\u00f3n en el sector de la automoci\u00f3n. <strong>Por su parte, la demanda de lubricantes aument\u00f3 muy t\u00edmidamente (0,8%), por debajo del incremento alcanzado en el a\u00f1o anterior<\/strong>. Un efecto que tiene relaci\u00f3n con la ralentizaci\u00f3n de la actividad industrial experimentada en el \u00faltimo trimestre y con la creciente mejora en la calidad de los productos, que impulsa su durabilidad y permite reducir su consumo.<\/p>\n<p>En la primera mitad de 2018, la Uni\u00f3n Europea dio un paso adelante muy significativo con el lanzamiento de la Estrategia Europea de Pl\u00e1sticos, as\u00ed como con la aprobaci\u00f3n de las principales cuatro directivas que integran el paquete de Econom\u00eda Circular, referidas a los residuos, los envases, los vertederos, y otros flujos concretos de residuos (aparatos el\u00e9ctricos y electr\u00f3nicos, pilas y acumuladores, y veh\u00edculos al final de su vida \u00fatil). <strong>La nueva legislaci\u00f3n no incluye modificaciones importantes en el r\u00e9gimen aplicable a los aceites industriales usados<\/strong>, si bien hay que destacar que existe un reconocimiento expreso de la regeneraci\u00f3n como m\u00e9todo de gesti\u00f3n prioritario para este residuo.<\/p>\n<p>Entre las novedades a medio plazo, algunas buscan mejorar la eficiencia en cuanto a la gesti\u00f3n del residuo, como la <strong>exigencia de recoger de manera separada los envases dom\u00e9sticos de lubricante, o la aplicaci\u00f3n de reg\u00edmenes de Responsabilidad Ampliada del Productor (RAP) a los envases comerciales e industriales<\/strong>; mientras que otras se podr\u00edan enmarcar en el apartado de \u2018pol\u00edticas de demanda\u2019 como las medidas orientadas a <strong>incentivar el uso de productos que, como las bases regeneradas, suponen la reintroducci\u00f3n de materiales en el ciclo productivo<\/strong>.<\/p>\n<p>En esta l\u00ednea, en Espa\u00f1a, en marzo de 2018 entr\u00f3 en vigor la orden ministerial que establece los <strong>criterios para determinar cu\u00e1ndo el aceite usado procesado para su uso como combustible deja de ser residuo y puede, por lo tanto, ser comercializado como combustible<\/strong>, con categor\u00eda de producto. Y pr\u00f3ximamente cabe esperar disposiciones similares que regulen el <strong>fin de condici\u00f3n de residuo de las bases lubricantes procedentes de los aceites usados.<\/strong><\/p>\n<p>Y es que Europa ha decidido promover firmemente la reducci\u00f3n de la generaci\u00f3n de residuos, y su transformaci\u00f3n efectiva en recursos, de manera que sea posible \u201ccerrar el c\u00edrculo\u201d y reducir los consumos asociados de energ\u00eda y materias primas. As\u00ed, estas pol\u00edticas contribuir\u00e1n al progreso en las metas de los <strong>Objetivos de Desarrollo Sostenible (ODS)<\/strong> vinculados a la lucha contra el cambio clim\u00e1tico, al logro de ciudades sostenibles, a la protecci\u00f3n de los ecosistemas terrestres y marinos y, tambi\u00e9n, al impulso de sistemas de producci\u00f3n y consumo responsables que fomenten la actividad econ\u00f3mica y el empleo de calidad.<\/p>\n<p><strong>Nuestra contribuci\u00f3n a estos Objetivos es un aspecto cada vez m\u00e1s integrado en la estrategia de organizaciones de todo tipo, y un aspecto relevante para nuestros adheridos y socios<\/strong>, para los productores del residuo (como talleres o industrias, entre otros), los medios de comunicaci\u00f3n y los gestores que colaboran con nosotros. Todos ellos nos han transmitido, adem\u00e1s, la importancia de <strong>SIGAUS como mecanismo eficiente de cumplimiento<\/strong> de obligaciones en relaci\u00f3n con el aceite usado y, sobre todo, <strong>como punto de encuentro<\/strong> de quienes quieren evitar sus efectos negativos y trabajar juntos por un desarrollo sostenible. Porque las alianzas, la cooperaci\u00f3n entre los distintos agentes, han sido desde siempre las se\u00f1as de identidad de SIGAUS y lo que potencia su capacidad para llegar hasta el \u00faltimo rinc\u00f3n para el cumplimiento de sus objetivos.<\/p>\n<p>As\u00ed hemos nacido, crecido y progresado, y as\u00ed contribuimos cada a\u00f1o a hacer realidad, en nuestra medida, nuestro compromiso con el <strong>Pacto Mundial y el lema de la Agenda 2030 de las Naciones Unidas<\/strong>, donde se incluyen los ODS, que aboga por \u201cno dejar a nadie atr\u00e1s\u201d.<\/p>\n<p>Los esfuerzos realizados y los resultados conseguidos se recogen en este informe anual, elaborado conforme a los <strong>Est\u00e1ndares GRI y verificado por un experto externo independiente<\/strong>. Son ambas buenas pr\u00e1cticas que avalan la calidad de la informaci\u00f3n que contiene y que, de nuevo este a\u00f1o, se han valorado muy positivamente por los grupos de inter\u00e9s consultados para determinar el contenido, en la medida en que ofrece datos fiables que no solo permiten planificar y mejorar la gesti\u00f3n, sino que muestran la amplitud de los impactos cualitativos y cuantitativos que las actividades de SIGAUS tienen.<\/p>\n<p>Mis felicitaciones al equipo de SIGAUS por un a\u00f1o tan intenso como fruct\u00edfero. Que nuestra huella sea la que no se queda marcada en la tierra, sino la huella positiva en nuestro entorno y quienes lo integran.[\/vc_column_text][vc_column_text font_size=\u00bb15&#8243;]<em><sup>1<\/sup>Datos de consumo de productos petrol\u00edferos en Espa\u00f1a. CORES.<\/em>[\/vc_column_text][\/vc_column][\/vc_row]<\/p>\n","protected":false},"excerpt":{"rendered":"<p>[vc_row type=\u00bbfull-width-section\u00bb content_placement=\u00bbtop\u00bb css=\u00bb.vc_custom_1563369425184{margin-top: 0px !important;padding-top: 0px !important;background-image: url(https:\/\/memoria2018.sigaus.es\/wp-content\/uploads\/2019\/05\/fondoNubes.jpg?id=803) !important;background-position: center !important;background-repeat: no-repeat !important;background-size: cover !important;}\u00bb][vc_column css=\u00bb.vc_custom_1563369059648{margin-top: 0px !important;padding-top: 0px !important;}\u00bb][vc_row_inner equal_height=\u00bbyes\u00bb content_placement=\u00bbmiddle\u00bb css=\u00bb.vc_custom_1563377664214{margin-top: 0px !important;padding-top: 0px !important;}\u00bb][vc_column_inner width=\u00bb1\/4&#8243; animation=\u00bbrda_fadeInRight\u00bb css=\u00bb.vc_custom_1563540119623{margin-top: 40px !important;padding-top: 0px !important;}\u00bb][vc_single_image image=\u00bb4948&#8243; img_size=\u00bbfull\u00bb][\/vc_column_inner][vc_column_inner width=\u00bb3\/4&#8243; animation=\u00bbrda_fadeIn\u00bb css=\u00bb.vc_custom_1563369584568{margin-top: 40px !important;padding-top: 0px !important;}\u00bb][vc_column_text] Buenaventura Gonz\u00e1lez del Campo Presidente de SIGAUS \u201cEuropa ha decidido promover<br \/><a href=\"https:\/\/memoria2018.sigaus.es\/index.php\/carta-del-presidente\/\" class=\"more\">Read more<\/a><\/p>\n","protected":false},"author":7,"featured_media":0,"parent":0,"menu_order":10,"comment_status":"closed","ping_status":"closed","template":"","meta":{"_monsterinsights_skip_tracking":false,"_monsterinsights_sitenote_active":false,"_monsterinsights_sitenote_note":"","_monsterinsights_sitenote_category":0,"footnotes":""},"class_list":["post-4918","page","type-page","status-publish","hentry"],"_links":{"self":[{"href":"https:\/\/memoria2018.sigaus.es\/index.php\/wp-json\/wp\/v2\/pages\/4918","targetHints":{"allow":["GET"]}}],"collection":[{"href":"https:\/\/memoria2018.sigaus.es\/index.php\/wp-json\/wp\/v2\/pages"}],"about":[{"href":"https:\/\/memoria2018.sigaus.es\/index.php\/wp-json\/wp\/v2\/types\/page"}],"author":[{"embeddable":true,"href":"https:\/\/memoria2018.sigaus.es\/index.php\/wp-json\/wp\/v2\/users\/7"}],"replies":[{"embeddable":true,"href":"https:\/\/memoria2018.sigaus.es\/index.php\/wp-json\/wp\/v2\/comments?post=4918"}],"version-history":[{"count":16,"href":"https:\/\/memoria2018.sigaus.es\/index.php\/wp-json\/wp\/v2\/pages\/4918\/revisions"}],"predecessor-version":[{"id":5326,"href":"https:\/\/memoria2018.sigaus.es\/index.php\/wp-json\/wp\/v2\/pages\/4918\/revisions\/5326"}],"wp:attachment":[{"href":"https:\/\/memoria2018.sigaus.es\/index.php\/wp-json\/wp\/v2\/media?parent=4918"}],"curies":[{"name":"wp","href":"https:\/\/api.w.org\/{rel}","templated":true}]}}

<p>[vc_row type=»full-width-section» content_placement=»top» css=».vc_custom_1563369425184{margin-top: 0px !important;padding-top: 0px !important;background-image: url(https://memoria2018.sigaus.es/wp-content/uploads/2019/05/fondoNubes.jpg?id=803) !important;background-position: center !important;background-repeat: no-repeat !important;background-size: cover !important;}»][vc_column css=».vc_custom_1563369059648{margin-top: 0px !important;padding-top: 0px !important;}»][vc_row_inner equal_height=»yes» content_placement=»middle» css=».vc_custom_1563377664214{margin-top: 0px !important;padding-top: 0px !important;}»][vc_column_inner width=»1/4&#8243; animation=»rda_fadeInRight» css=».vc_custom_1563540119623{margin-top: 40px !important;padding-top: 0px !important;}»][vc_single_image image=»4948&#8243; img_size=»full»][/vc_column_inner][vc_column_inner width=»3/4&#8243; animation=»rda_fadeIn» css=».vc_custom_1563369584568{margin-top: 40px !important;padding-top: 0px !important;}»][vc_column_text]</p>
<h2 class="iv">Buenaventura González del Campo</h2>
<h3 class="iv">Presidente de SIGAUS</h3>
<div class="iv-linea"></div>
<h4>“Europa ha decidido promover firmemente la reducción de la generación de residuos, y su transformación efectiva en recursos, de manera que sea posible “cerrar el círculo” y reducir los consumos asociados de energía y materias primas.”</h4>
<p>[/vc_column_text][/vc_column_inner][/vc_row_inner][vc_empty_space height=»100px»][/vc_column][/vc_row][vc_row type=»full-width-content» bg_type=»image» parallax_style=»vcpb-default» bg_image_new=»id^683|url^https://memoria2018.sigaus.es/wp-content/uploads/2019/06/bg-water-2.png|caption^null|alt^null|title^bg-water-2|description^null» bg_override=»full» el_class=»iv-bg-water-marco»][vc_column][vc_raw_html]JTNDJTIxLS0lMjBFZmVjdG8lMjBhY3VhcmVsYSUyMC0tJTNF[/vc_raw_html][vc_empty_space height=»100px»][/vc_column][/vc_row][vc_row][vc_column][vc_column_text css=».vc_custom_1563435345616{margin-bottom: 45px !important;}»]En todo el mundo, el año 2018 ha venido cargado de movimientos sociales y políticos con consecuencias intensas en el plano económico, derivadas, sobre todo, de la volatilidad asociada a dosis crecientes de incertidumbre. Incluso en este contexto difícil, <strong>la economía española ha conseguido crecer de nuevo este año por encima de sus vecinos de la zona euro, con un incremento del 2,6% interanual en el Producto Interior Bruto en 2018</strong>.</p>
<p>En consonancia, el consumo de productos petrolíferos en nuestro país se ha incrementado un 2,8% y mantiene la senda de recuperación iniciada en 20141. Los GLP (Gases Licuados del Petróleo) han sido el producto con mayor crecimiento, mientras se observa que, por primera vez en la serie histórica, el crecimiento experimentado en el consumo de gasolina ha sido superior al registrado en el gasoil, como resultado de un cambio de tendencia producido por diversos factores que han provocado el inicio de un proceso de transformación en el sector de la automoción. <strong>Por su parte, la demanda de lubricantes aumentó muy tímidamente (0,8%), por debajo del incremento alcanzado en el año anterior</strong>. Un efecto que tiene relación con la ralentización de la actividad industrial experimentada en el último trimestre y con la creciente mejora en la calidad de los productos, que impulsa su durabilidad y permite reducir su consumo.</p>
<p>En la primera mitad de 2018, la Unión Europea dio un paso adelante muy significativo con el lanzamiento de la Estrategia Europea de Plásticos, así como con la aprobación de las principales cuatro directivas que integran el paquete de Economía Circular, referidas a los residuos, los envases, los vertederos, y otros flujos concretos de residuos (aparatos eléctricos y electrónicos, pilas y acumuladores, y vehículos al final de su vida útil). <strong>La nueva legislación no incluye modificaciones importantes en el régimen aplicable a los aceites industriales usados</strong>, si bien hay que destacar que existe un reconocimiento expreso de la regeneración como método de gestión prioritario para este residuo.</p>
<p>Entre las novedades a medio plazo, algunas buscan mejorar la eficiencia en cuanto a la gestión del residuo, como la <strong>exigencia de recoger de manera separada los envases domésticos de lubricante, o la aplicación de regímenes de Responsabilidad Ampliada del Productor (RAP) a los envases comerciales e industriales</strong>; mientras que otras se podrían enmarcar en el apartado de ‘políticas de demanda’ como las medidas orientadas a <strong>incentivar el uso de productos que, como las bases regeneradas, suponen la reintroducción de materiales en el ciclo productivo</strong>.</p>
<p>En esta línea, en España, en marzo de 2018 entró en vigor la orden ministerial que establece los <strong>criterios para determinar cuándo el aceite usado procesado para su uso como combustible deja de ser residuo y puede, por lo tanto, ser comercializado como combustible</strong>, con categoría de producto. Y próximamente cabe esperar disposiciones similares que regulen el <strong>fin de condición de residuo de las bases lubricantes procedentes de los aceites usados.</strong></p>
<p>Y es que Europa ha decidido promover firmemente la reducción de la generación de residuos, y su transformación efectiva en recursos, de manera que sea posible “cerrar el círculo” y reducir los consumos asociados de energía y materias primas. Así, estas políticas contribuirán al progreso en las metas de los <strong>Objetivos de Desarrollo Sostenible (ODS)</strong> vinculados a la lucha contra el cambio climático, al logro de ciudades sostenibles, a la protección de los ecosistemas terrestres y marinos y, también, al impulso de sistemas de producción y consumo responsables que fomenten la actividad económica y el empleo de calidad.</p>
<p><strong>Nuestra contribución a estos Objetivos es un aspecto cada vez más integrado en la estrategia de organizaciones de todo tipo, y un aspecto relevante para nuestros adheridos y socios</strong>, para los productores del residuo (como talleres o industrias, entre otros), los medios de comunicación y los gestores que colaboran con nosotros. Todos ellos nos han transmitido, además, la importancia de <strong>SIGAUS como mecanismo eficiente de cumplimiento</strong> de obligaciones en relación con el aceite usado y, sobre todo, <strong>como punto de encuentro</strong> de quienes quieren evitar sus efectos negativos y trabajar juntos por un desarrollo sostenible. Porque las alianzas, la cooperación entre los distintos agentes, han sido desde siempre las señas de identidad de SIGAUS y lo que potencia su capacidad para llegar hasta el último rincón para el cumplimiento de sus objetivos.</p>
<p>Así hemos nacido, crecido y progresado, y así contribuimos cada año a hacer realidad, en nuestra medida, nuestro compromiso con el <strong>Pacto Mundial y el lema de la Agenda 2030 de las Naciones Unidas</strong>, donde se incluyen los ODS, que aboga por “no dejar a nadie atrás”.</p>
<p>Los esfuerzos realizados y los resultados conseguidos se recogen en este informe anual, elaborado conforme a los <strong>Estándares GRI y verificado por un experto externo independiente</strong>. Son ambas buenas prácticas que avalan la calidad de la información que contiene y que, de nuevo este año, se han valorado muy positivamente por los grupos de interés consultados para determinar el contenido, en la medida en que ofrece datos fiables que no solo permiten planificar y mejorar la gestión, sino que muestran la amplitud de los impactos cualitativos y cuantitativos que las actividades de SIGAUS tienen.</p>
<p>Mis felicitaciones al equipo de SIGAUS por un año tan intenso como fructífero. Que nuestra huella sea la que no se queda marcada en la tierra, sino la huella positiva en nuestro entorno y quienes lo integran.[/vc_column_text][vc_column_text font_size=»15&#8243;]<em><sup>1</sup>Datos de consumo de productos petrolíferos en España. CORES.</em>[/vc_column_text][/vc_column][/vc_row]</p>

<p>[vc_row type=»full-width-section» content_placement=»top» css=».vc_custom_1563369425184{margin-top: 0px !important;padding-top: 0px !important;background-image: url(https://memoria2018.sigaus.es/wp-content/uploads/2019/05/fondoNubes.jpg?id=803) !important;background-position: center !important;background-repeat: no-repeat !important;background-size: cover !important;}»][vc_column css=».vc_custom_1563369059648{margin-top: 0px !important;padding-top: 0px !important;}»][vc_row_inner equal_height=»yes» content_placement=»middle» css=».vc_custom_1563377664214{margin-top: 0px !important;padding-top: 0px !important;}»][vc_column_inner width=»1/4&#8243; animation=»rda_fadeInRight» css=».vc_custom_1563540119623{margin-top: 40px !important;padding-top: 0px !important;}»][vc_single_image image=»4948&#8243; img_size=»full»][/vc_column_inner][vc_column_inner width=»3/4&#8243; animation=»rda_fadeIn» css=».vc_custom_1563369584568{margin-top: 40px !important;padding-top: 0px !important;}»][vc_column_text] Buenaventura González del Campo Presidente de SIGAUS “Europa ha decidido promover<br /><a href="https://memoria2018.sigaus.es/index.php/carta-del-presidente/" class="more">Read more</a></p>
